03555?
70403556
In base 9, what is 657312 + 2058?
660371
In base 8, what is 6120 + -64211?
-56071
In base 2, what is 1000 - -1001101110100001100101?
1001101110100001101101
In base 16, what is 5afda2 + -29?
5afd79
In base 6, what is 1 + 1304031431?
1304031432
In base 10, what is 533582 - 4?
533578
In base 7, what is -12265 - -26145?
13550
In base 16, what is aa2ad1 + 29?
aa2afa
In base 13, what is 8 - 18856674?
-18856669
In base 15, what is -130351 - 1a?
-13036b
In base 5, what is -1 - 12003011144?
-12003011200
In base 10, what is 13 + 343193?
343206
In base 3, what is 1 - -11102122012202?
11102122012210
In base 3, what is 10021122002 - -1112222?
10100012001
In base 7, what is 43242 - 1345?
41564
In base 8, what is 57633346 + -60?
57633266
In base 14, what is b4 + 20cb4?
20d88
In base 15, what is -4140997 - 2?
-4140999
In base 3, what is -2001 - -111121121?
111112120
In base 6, what is 10422331 + 22?
10422353
In base 9, what is -1045 + 12262?
11216
In base 14, what is -8 - -2d12c9?
2d12c1
In base 8, what is 3 + 10050134?
10050137
In base 2, what is 1101 + 100111100000110?
100111100010011
In base 16, what is 159 - -c3741?
c389a
In base 13, what is -a0 + 7978?
78a8
In base 3, what is -101102202 + 12200100?
-11202102
In base 15, what is 33d8a065 - -4?
33d8a069
In base 13, what is a + 339a3c?
339a49
In base 5, what is 10240304 - 10321?
10224433
In base 8, what is 13740 - 11322?
2416
In base 2, what is -10111111100001011101 + 10011?
-10111111100001001010
In base 5, what is -1 + 21141433210?
21141433204
In base 8, what is 40 - 16322266?
-16322226
In base 4, what is 3012301232320 + -3?
3012301232311
In base 13, what is 2101 + -1a228?
-18127
In base 11, what is 3 + -2827603?
-2827600
In base 6, what is 133 + -34055121?
-34054544
In base 5, what is -121213210130 + -4?
-121213210134
In base 9, what is 370162066 + 0?
370162066
In base 15, what is -3e4eb9 - -44?
-3e4e75
In base 11, what is 595868 + -13?
595855
In base 16, what is -2 - -4f769d8?
4f769d6
In base 15, what is -782 - 13bc?
-1b4e
In base 8, what is 514 + 53356?
54072
In base 16, what is 686c6b + -14?
686c57
In base 15, what is 34 - -838e8?
8392c
In base 11, what is 1567575 + -36?
156753a
In base 16, what is 13e31c5 - -3?
13e31c8
In base 14, what is -54ca7 - 24?
-54ccb
In base 11, what is 14a0a35a + 4?
14a0a363
In base 13, what is -8 - 495a32?
-495a3a
In base 10, what is -936 - -296461?
295525
In base 10, what is 54640896 - 0?
54640896
In base 12, what is -14361 - 240?
-145a1
In base 4, what is 1000 - 11020133123?
-11020132123
In base 16, what is a + -17f0f5?
-17f0eb
In base 11, what is -2029aa + 11?
-202999
In base 12, what is -1495a46a6 + -2?
-1495a46a8
In base 4, what is -11 + 1213201221000?
1213201220323
In base 2, what is 1101110011 - 101100010010011001?
-101100000100100110
In base 2, what is 1110111011011111 - -110010101?
1111000001110100
In base 12, what is 158 + 268152?
2682aa
In base 6, what is -22 + -14413245?
-14413311
In base 5, what is 4 + -11100104432?
-11100104423
In base 16, what is 131 - bb3e?
-ba0d
In base 5, what is -214211312 - 12330?
-214224142
In base 16, what is 1020494c - -5?
10204951
In base 14, what is -7193 - 235b?
-9510
In base 8, what is -2537 - 10063?
-12622
In base 9, what is 5 + 7763085?
7763101
In base 2, what is 11111110010100 + -1101100010?
11110000110010
In base 14, what is 1987 - 1ad?
17b8
In base 13, what is 335 - -2238?
2570
In base 5, what is 302231413 + -13?
302231400
In base 4, what is -113 + 1011301022303?
1011301022130
In base 5, what is -20144310 + -432?
-20200242
In base 15, what is 0 + 2e06b25?
2e06b25
In base 12, what is -10880 - 17?
-10897
In base 5, what is -243 - 2141221?
-2142014
In base 12, what is -1 - -103bbb?
103bba
In base 7, what is -4 - 230034562?
-230034566
In base 13, what is -1046b8b3 - 0?
-1046b8b3
In base 2, what is -100011010010011111101 + -10000101?
-100011010010110000010
In base 15, what is -31be12d - -4?
-31be129
In base 9, what is -200 - 68831?
-70131
In base 9, what is -278 + 44204?
43815
In base 9, what is -38711667 - -5?
-38711662
In base 16, what is -c49 - 13c7c?
-148c5
In base 14, what is -56a + -7b50?
-82ba
In base 11, what is -13183472 - -3?
-1318346a
In base 4, what is 3132230 - 33301?
3032323
In base 16, what is -305 + -71b3e?
-71e43
In base 9, what is -61815 + 135?
-61670
In base 12, what is -10932 - 1305b?
-23991
In base 11, what is 54324 - -95?
54409
In base 5, what is -10 - 401013430?
-401013440
In base 11, what is -9 + -1649a6?
-164a04
In base 15, what is -9e37 + 206d?
-7db9
In base 7, what is -15160 + 1112403?
1064213
In base 16, what is c - -1bf809?
1bf815
In base 10, what is 657872 - -188?
658060
In base 11, what is -2552002 - 5?
-2552007
In base 5, what is 100210 - -101400?
202110
In base 14, what is -13 - 13d89?
-13d9c
In base 15, what is -113 - -29447?
29334
In base 5, what is -33103010 + -21432?
-33124442
In base 7, what is -3202154 + -153?
-3202340
In base 3, what is -120102110201120 + -12?
-120102110201202
In base 9, what is -305428311 + -4?
-305428315
In base 7, what is 66520 + 34366?
134216
In base 3, what is -212020112 - 111221202?
-1101012021
In base 12, what is 2b00ba - 147?
2abb73
In base 4, what is 22131312321 - 231?
22131312030
In base 2, what is 10101001010110111001110 - 1?
10101001010110111001101
In base 3, what is -10100002102221112 - 11?
-10100002102221200
In base 7, what is -4 + 2244122?
2244115
In base 13, what is -a12c + -1151?
-b280
In base 4, what is 22020200 + -133023?
21221111
In base 15, what is 11c - -7991?
7aad
In base 15, what is -24024 - 4?
-24028
In base 11, what is 10 - 247715?
-247705
In base 16, what is -991752 + 1?
-991751
In base 14, what is -2c0 - -330149?
32dc69
In base 16, what is 510cf7 - -3?
510cfa
In base 3, what is -1101 + 100101121210?
100101120102
In base 12, what is 77 + -13154?
-13099
In base 15, what is -2 + 1e9b1c89?
1e9b1c87
In base 8, what is -2124 - -103706?
101562
In base 14, what is 16dc + 1c0d?
350b
In base 6, what is -2504124132 - 14?
-2504124150
In base 10, what is -988 - -1684?
696
In base 6, what is 3 + 150142312?
150142315
In base 3, what is -2101000 + 2002000010?
1222122010
In base 7, what is 3215621 - 4?
3215614
In base 16, what is 4688 + 4824?
8eac
In base 13, what is 204b11 + -202?
20490c
In base 10, what is 6 + -21460892?
-21460886
In base 10, what is -87 + -72805?
-72892
In base 4, what is 2220300211 - -311?
2220301122
In base 5, what is 14 + -13033314244?
-13033314230
In base 7, what is -31550 + 165353?
133503
In base 16, what is 1767 + 1d2ce?
1ea35
In base 3, what is 102100100212 + 21?
102100101010
In base 8, what is -243640162 + 1?
-243640161
In base 5, what is 30400 + 2310333?
2341233
In base 16, what is -1f195 - -21?
-1f174
In base 12, what is 2938 - -16a?
2aa6
In base 9, what is -3 + 3283487?
3283484
In base 3, what is 100212 - -211020122?
211121111
In base 13, what is a88 - c86?
-1cb
In base 5, what is -104 + 103401330?
103401221
In base 16, what is 150457 - c8?
15038f
In base 13, what is 3a7 - 1ac09?
-1a832
In base 16, what is dea - 915?
4d5
In base 2, what is 10010101011011111 - -111011111000?
10011100111010111
In base 3, what is -10 - -1002102001101222?
1002102001101212
In base 12, what is 230014a9 + 0?
230014a9
In base 14, what is -1 - 8d330d2?
-8d330d3
In base 2, what is -1000100 + 100111001101111010?
100111001100110110
In base 14, what is -143b9 - 2d3?
-146ac
In base 5, what is -23 + -21132021041?
-21132021114
In base 5, what is -4 + -2312434101?
-2312434110
In base 16, what is -80a08 + a28?
-7ffe0
In base 5, what is 220432 + 2424?
223411
In base 13, what is 9349a - 8?
93492
In base 10, what is -1575 - -272?
-1303
In base 3, what is -1010 - 111111212002?
-111111220012
In base 12, what is -16789a - 3?
-1678a1
In base 15, what is -c71 - -1b17?
d96
In base 10, what is 1 + -72677327?
-72677326
In base 3, what is -1202012 + -2110211?
-11020000
In base 12, what is 3b3359 + -3?
3b3356
In base 8, what is -406 - 466540?
-467146
In base 12, what is 162 - -10b2604?
10b2766
In base 5, what is 1231010412 + -1?
1231010411
In base 10, what is 686901 + 19?
686920
In base 15, what is -24cbd + 6e?
-24c4e
In base 4, what is 23312120032300 + -20?
23312120032220
In base 5, what is -4 + 102423423314?
102423423310
In base 9, what is 5 + -43862354?
-438